{"id":1009,"date":"2024-02-01T17:06:31","date_gmt":"2024-02-01T16:06:31","guid":{"rendered":"https:\/\/lesheronsdeslacs.fr\/?page_id=1009"},"modified":"2024-06-26T23:18:26","modified_gmt":"2024-06-26T21:18:26","slug":"iniciacions","status":"publish","type":"page","link":"https:\/\/lesheronsdeslacs.fr\/index.php\/iniciacions\/","title":{"rendered":"Iniciacions"},"content":{"rendered":"\n<div class=\"wp-block-columns are-vertically-aligned-center is-layout-flex wp-container-core-columns-is-layout-9d6595d7 wp-block-columns-is-layout-flex\">\n<div class=\"wp-block-column is-vertically-aligned-center is-layout-flow wp-block-column-is-layout-flow\" style=\"flex-basis:100%\">\n<div class=\"wp-block-group\" style=\"padding-right:0;padding-left:0\"><div class=\"wp-block-group__inner-container is-layout-constrained wp-container-core-group-is-layout-4900f5ce wp-block-group-is-layout-constrained\">\n<h6 class=\"wp-block-heading has-text-color\" id=\"ecosystem\" style=\"color:#000000;font-size:16px\">PARTATGE<\/h6>\n\n\n\n<p class=\"has-text-color\" style=\"color:#000000;font-size:6vw;font-style:normal;font-weight:700;letter-spacing:0px;line-height:0.9;text-decoration:none;text-transform:none\">INICIACIONS <\/p>\n\n\n\n<p><\/p>\n\n\n\n<div class=\"wp-block-group\" style=\"padding-right:0;padding-left:0\"><div class=\"wp-block-group__inner-container is-layout-constrained wp-container-core-group-is-layout-4900f5ce wp-block-group-is-layout-constrained\"><div class=\"wp-block-image\">\n<figure class=\"alignright size-full is-resized\"><a href=\"https:\/\/lesheronsdeslacs.fr\/index.php\/initiations\/\"><img loading=\"lazy\" decoding=\"async\" width=\"600\" height=\"400\" src=\"http:\/\/lesheronsdeslacs.fr\/wp-content\/uploads\/Drapeau-France.webp\" alt=\"\" class=\"wp-image-971\" style=\"width:57px;height:auto\" srcset=\"https:\/\/lesheronsdeslacs.fr\/wp-content\/uploads\/Drapeau-France.webp 600w, https:\/\/lesheronsdeslacs.fr\/wp-content\/uploads\/Drapeau-France-389x259.webp 389w\" sizes=\"auto, (max-width: 600px) 100vw, 600px\" \/><\/a><\/figure>\n<\/div>\n\n\n<p>&#8211;<\/p>\n<\/div><\/div>\n\n\n\n<div class=\"wp-block-media-text is-stacked-on-mobile is-image-fill\"><figure class=\"wp-block-media-text__media\" style=\"background-image:url(http:\/\/lesheronsdeslacs.fr\/wp-content\/uploads\/IMG_20230302_095017-e1706546915579-1024x744.jpg);background-position:50% 50%\"><img loading=\"lazy\" decoding=\"async\" width=\"1024\" height=\"744\" src=\"http:\/\/lesheronsdeslacs.fr\/wp-content\/uploads\/IMG_20230302_095017-e1706546915579-1024x744.jpg\" alt=\"\" class=\"wp-image-773 size-full\" srcset=\"https:\/\/lesheronsdeslacs.fr\/wp-content\/uploads\/IMG_20230302_095017-e1706546915579-1024x744.jpg 1024w, https:\/\/lesheronsdeslacs.fr\/wp-content\/uploads\/IMG_20230302_095017-e1706546915579-768x558.jpg 768w, https:\/\/lesheronsdeslacs.fr\/wp-content\/uploads\/IMG_20230302_095017-e1706546915579-389x283.jpg 389w, https:\/\/lesheronsdeslacs.fr\/wp-content\/uploads\/IMG_20230302_095017-e1706546915579-413x300.jpg 413w, https:\/\/lesheronsdeslacs.fr\/wp-content\/uploads\/IMG_20230302_095017-e1706546915579.jpg 1079w\" sizes=\"auto, (max-width: 1024px) 100vw, 1024px\" \/><\/figure><div class=\"wp-block-media-text__content\">\n<p class=\"has-accent-2-color has-text-color has-link-color wp-elements-a79dd74d0d0c94693cefd0f86156c03f\">Los H\u00e9rons des Lacs que&rsquo;vs prepausan de participar a jornadas d&rsquo;iniciacions, dens un quadre magnific, ent\u00e0 vs&rsquo;iniciar a la marcha sus esca\u00e7as.<\/p>\n\n\n\n<p class=\"has-accent-2-color has-text-color has-link-color wp-elements-fe9c6ee9c152f1b1b396e3017f796f3d\">La nosta associacion que&rsquo;vs transmeter\u00e0 la soa passion ent\u00e0 las esca\u00e7as e la cultura landesa dens lo gai e la bona umor e aqueth, quitament per temps de ploja !<\/p>\n\n\n\n<p><\/p>\n<\/div><\/div>\n\n\n\n<p><\/p>\n<\/div><\/div>\n\n\n\n<p>&#8211;<\/p>\n\n\n\n<div class=\"wp-block-group\" style=\"padding-right:0;padding-left:0\"><div class=\"wp-block-group__inner-container is-layout-constrained wp-container-core-group-is-layout-4900f5ce wp-block-group-is-layout-constrained\"><\/div><\/div>\n<\/div>\n<\/div>\n\n\n\n<div class=\"wp-block-media-text has-media-on-the-right is-stacked-on-mobile is-image-fill\"><div class=\"wp-block-media-text__content\">\n<h2 class=\"wp-block-heading alignwide has-text-align-center has-accent-2-color has-text-color has-link-color wp-elements-3e5aaf8f07ff9f020f3f97b0a9d64e40\">Pendent l&rsquo;estiu, o sus reservacion h\u00f2ra sason :<\/h2>\n\n\n\n<h2 class=\"wp-block-heading alignwide has-text-align-center has-accent-2-color has-text-color has-link-color wp-elements-839266adfcb3407efe4ad2b304c88af6\">DILUNS de\u00a016h a 20h<br>DIV\u00c9S de\u00a010h a 14h<\/h2>\n<\/div><figure class=\"wp-block-media-text__media\" style=\"background-image:url(http:\/\/lesheronsdeslacs.fr\/wp-content\/uploads\/IMG_20230302_094935-1024x567.jpg);background-position:50% 50%\"><img loading=\"lazy\" decoding=\"async\" width=\"1024\" height=\"567\" src=\"http:\/\/lesheronsdeslacs.fr\/wp-content\/uploads\/IMG_20230302_094935-1024x567.jpg\" alt=\"\" class=\"wp-image-772 size-full\"\/><\/figure><\/div>\n\n\n\n<p class=\"has-text-color has-link-color wp-elements-0c1fcc889de462e063814fc60dfc78d3\" style=\"color:#bbd2ad\">&#8211;<\/p>\n\n\n\n<div class=\"wp-block-media-text is-stacked-on-mobile is-image-fill\"><figure class=\"wp-block-media-text__media\" style=\"background-image:url(http:\/\/lesheronsdeslacs.fr\/wp-content\/uploads\/1675857417033-1024x771.jpg);background-position:50% 50%\"><img loading=\"lazy\" decoding=\"async\" width=\"1024\" height=\"771\" src=\"http:\/\/lesheronsdeslacs.fr\/wp-content\/uploads\/1675857417033-1024x771.jpg\" alt=\"\" class=\"wp-image-714 size-full\" srcset=\"https:\/\/lesheronsdeslacs.fr\/wp-content\/uploads\/1675857417033-1024x771.jpg 1024w, https:\/\/lesheronsdeslacs.fr\/wp-content\/uploads\/1675857417033-768x578.jpg 768w, https:\/\/lesheronsdeslacs.fr\/wp-content\/uploads\/1675857417033-1536x1157.jpg 1536w, https:\/\/lesheronsdeslacs.fr\/wp-content\/uploads\/1675857417033-2048x1542.jpg 2048w, https:\/\/lesheronsdeslacs.fr\/wp-content\/uploads\/1675857417033-389x293.jpg 389w\" sizes=\"auto, (max-width: 1024px) 100vw, 1024px\" \/><\/figure><div class=\"wp-block-media-text__content\">\n<p class=\"has-text-align-center has-accent-2-color has-text-color has-link-color has-large-font-size wp-elements-b5be8bc265218e1753d50e6ec4168b75\"><strong>L\u00f2c :<\/strong><\/p>\n\n\n\n<p class=\"has-text-align-center has-accent-2-color has-text-color has-link-color wp-elements-f869654e2050d4d5b569eb1745493ec2\"><br>Anciana esc\u00f2la de Millas<br>69 chemin d\u2019en Belliard<br>40600 BISCARROSSE<\/p>\n<\/div><\/div>\n\n\n\n<p class=\"has-text-color has-link-color wp-elements-0c1fcc889de462e063814fc60dfc78d3\" style=\"color:#bbd2ad\">&#8211;<\/p>\n\n\n\n<div class=\"wp-block-media-text has-media-on-the-right is-stacked-on-mobile is-image-fill\"><div class=\"wp-block-media-text__content\">\n<p class=\"has-text-align-center has-accent-2-color has-text-color has-link-color has-large-font-size wp-elements-3a886167d8dabf557b2c7f3a7fd0a2df\"><strong>Pr\u00e8mi e reservacion&nbsp;:<\/strong><\/p>\n\n\n\n<p class=\"has-text-align-center has-accent-2-color has-text-color has-link-color wp-elements-b6be51424bdc510e39573d4eaa23f267\"><br><strong>Reservacion suu site de&nbsp;<a href=\"https:\/\/www.biscagrandslacs.com\/agenda-des-manifestations\/animations-evenements\/initiation-aux-echasses-landaises-10\">Bisca Grands Lacs<\/a>&nbsp;<\/strong><br><strong>o per telef\u00f2ne au 07 81 17 45 15 !<\/strong><\/p>\n\n\n\n<p class=\"has-text-align-center has-accent-2-color has-text-color has-link-color has-large-font-size wp-elements-573de03574cf1997fa3ce69c6994eb35\"><strong>Tarifa unica de 8\u20ac\/arr\u00e9s<\/strong><\/p>\n<\/div><figure class=\"wp-block-media-text__media\" style=\"background-image:url(http:\/\/lesheronsdeslacs.fr\/wp-content\/uploads\/353822017_641258728025327_7388883163082447432_n-1024x462-1.jpg);background-position:50% 50%\"><img loading=\"lazy\" decoding=\"async\" width=\"1024\" height=\"462\" src=\"http:\/\/lesheronsdeslacs.fr\/wp-content\/uploads\/353822017_641258728025327_7388883163082447432_n-1024x462-1.jpg\" alt=\"\" class=\"wp-image-159 size-full\" srcset=\"https:\/\/lesheronsdeslacs.fr\/wp-content\/uploads\/353822017_641258728025327_7388883163082447432_n-1024x462-1.jpg 1024w, https:\/\/lesheronsdeslacs.fr\/wp-content\/uploads\/353822017_641258728025327_7388883163082447432_n-1024x462-1-768x347.jpg 768w, https:\/\/lesheronsdeslacs.fr\/wp-content\/uploads\/353822017_641258728025327_7388883163082447432_n-1024x462-1-421x190.jpg 421w\" sizes=\"auto, (max-width: 1024px) 100vw, 1024px\" \/><\/figure><\/div>\n\n\n\n<p class=\"has-text-color has-link-color wp-elements-0c1fcc889de462e063814fc60dfc78d3\" style=\"color:#bbd2ad\">&#8211;<\/p>\n\n\n\n<p class=\"has-text-align-center has-accent-2-color has-text-color has-link-color wp-elements-2a097febaf0bd7649d8c95266c4b24bf\"><\/p>\n\n\n\n<p class=\"has-text-align-center has-accent-2-color has-text-color has-link-color has-normal-font-size wp-elements-667c8f3507c90ee7894da9ca922a6aec\"><\/p>\n\n\n\n<p class=\"has-text-align-center has-accent-2-color has-text-color has-link-color has-normal-font-size wp-elements-7e72e9854f1b311629cad3874a0b8b7f\"><strong>Qu&rsquo;auratz la quita oportunitat d&rsquo;assistir a la fabricacion artisanau de las nostas esca\u00e7as, <\/strong><\/p>\n\n\n\n<p class=\"has-text-align-center has-accent-2-color has-text-color has-link-color has-normal-font-size wp-elements-7acbe8243fc9e9d85c9ae058b1cda07a\"><strong>sus rend\u00e8tz-vos !<\/strong><\/p>\n\n\n\n<p class=\"has-text-color has-link-color wp-elements-d8ed84b2b837c50b67e7ef2fa04c4795\" style=\"color:#c1e0b7\">&#8211;<\/p>\n\n\n\n<div class=\"wp-block-buttons is-content-justification-right is-layout-flex wp-container-core-buttons-is-layout-9fc88717 wp-block-buttons-is-layout-flex\">\n<div class=\"wp-block-button has-custom-width wp-block-button__width-50\"><a class=\"wp-block-button__link has-text-align-center wp-element-button\" href=\"https:\/\/lesheronsdeslacs.fr\/index.php\/activitats\/\">Tornar a las activitats<\/a><\/div>\n<\/div>\n","protected":false},"excerpt":{"rendered":"<p>PARTATGE INICIACIONS &#8211; Los H\u00e9rons des Lacs que&rsquo;vs prepausan de participar a jornadas d&rsquo;iniciacions, dens un quadre magnific, ent\u00e0 vs&rsquo;iniciar a la marcha sus esca\u00e7as. La nosta associacion que&rsquo;vs transmeter\u00e0 la &hellip;<\/p>\n","protected":false},"author":1,"featured_media":0,"parent":0,"menu_order":0,"comment_status":"closed","ping_status":"closed","template":"","meta":{"advgb_blocks_editor_width":"","advgb_blocks_columns_visual_guide":"","footnotes":""},"class_list":["post-1009","page","type-page","status-publish","hentry"],"coauthors":[],"author_meta":{"author_link":"https:\/\/lesheronsdeslacs.fr\/index.php\/author\/lesheron\/","display_name":"lesheron"},"relative_dates":{"created":"Publi\u00e9 2 ans il y a","modified":"Mis \u00e0 jour 2 ans il y a"},"absolute_dates":{"created":"Publi\u00e9 le 1 f\u00e9vrier 2024","modified":"Mise \u00e0 jour le 26 juin 2024"},"absolute_dates_time":{"created":"Publi\u00e9 le 1 f\u00e9vrier 2024 17h06","modified":"Mise \u00e0 jour le 26 juin 2024 23h18"},"featured_img_caption":"","featured_img":false,"series_order":"","_links":{"self":[{"href":"https:\/\/lesheronsdeslacs.fr\/index.php\/wp-json\/wp\/v2\/pages\/1009","targetHints":{"allow":["GET"]}}],"collection":[{"href":"https:\/\/lesheronsdeslacs.fr\/index.php\/wp-json\/wp\/v2\/pages"}],"about":[{"href":"https:\/\/lesheronsdeslacs.fr\/index.php\/wp-json\/wp\/v2\/types\/page"}],"author":[{"embeddable":true,"href":"https:\/\/lesheronsdeslacs.fr\/index.php\/wp-json\/wp\/v2\/users\/1"}],"replies":[{"embeddable":true,"href":"https:\/\/lesheronsdeslacs.fr\/index.php\/wp-json\/wp\/v2\/comments?post=1009"}],"version-history":[{"count":8,"href":"https:\/\/lesheronsdeslacs.fr\/index.php\/wp-json\/wp\/v2\/pages\/1009\/revisions"}],"predecessor-version":[{"id":1474,"href":"https:\/\/lesheronsdeslacs.fr\/index.php\/wp-json\/wp\/v2\/pages\/1009\/revisions\/1474"}],"wp:attachment":[{"href":"https:\/\/lesheronsdeslacs.fr\/index.php\/wp-json\/wp\/v2\/media?parent=1009"}],"curies":[{"name":"wp","href":"https:\/\/api.w.org\/{rel}","templated":true}]}}

<div class="wp-block-columns are-vertically-aligned-center is-layout-flex wp-container-core-columns-is-layout-9d6595d7 wp-block-columns-is-layout-flex">
<div class="wp-block-column is-vertically-aligned-center is-layout-flow wp-block-column-is-layout-flow" style="flex-basis:100%">
<div class="wp-block-group" style="padding-right:0;padding-left:0"><div class="wp-block-group__inner-container is-layout-constrained wp-container-core-group-is-layout-4900f5ce wp-block-group-is-layout-constrained">
<h6 class="wp-block-heading has-text-color" id="ecosystem" style="color:#000000;font-size:16px">PARTATGE</h6>



<p class="has-text-color" style="color:#000000;font-size:6vw;font-style:normal;font-weight:700;letter-spacing:0px;line-height:0.9;text-decoration:none;text-transform:none">INICIACIONS </p>



<p></p>



<div class="wp-block-group" style="padding-right:0;padding-left:0"><div class="wp-block-group__inner-container is-layout-constrained wp-container-core-group-is-layout-4900f5ce wp-block-group-is-layout-constrained"><div class="wp-block-image">
<figure class="alignright size-full is-resized"><a href="https://lesheronsdeslacs.fr/index.php/initiations/"><img loading="lazy" decoding="async" width="600" height="400" src="http://lesheronsdeslacs.fr/wp-content/uploads/Drapeau-France.webp" alt="" class="wp-image-971" style="width:57px;height:auto" srcset="https://lesheronsdeslacs.fr/wp-content/uploads/Drapeau-France.webp 600w, https://lesheronsdeslacs.fr/wp-content/uploads/Drapeau-France-389x259.webp 389w" sizes="auto, (max-width: 600px) 100vw, 600px" /></a></figure>
</div>


<p>&#8211;</p>
</div></div>



<div class="wp-block-media-text is-stacked-on-mobile is-image-fill"><figure class="wp-block-media-text__media" style="background-image:url(http://lesheronsdeslacs.fr/wp-content/uploads/IMG_20230302_095017-e1706546915579-1024x744.jpg);background-position:50% 50%"><img loading="lazy" decoding="async" width="1024" height="744" src="http://lesheronsdeslacs.fr/wp-content/uploads/IMG_20230302_095017-e1706546915579-1024x744.jpg" alt="" class="wp-image-773 size-full" srcset="https://lesheronsdeslacs.fr/wp-content/uploads/IMG_20230302_095017-e1706546915579-1024x744.jpg 1024w, https://lesheronsdeslacs.fr/wp-content/uploads/IMG_20230302_095017-e1706546915579-768x558.jpg 768w, https://lesheronsdeslacs.fr/wp-content/uploads/IMG_20230302_095017-e1706546915579-389x283.jpg 389w, https://lesheronsdeslacs.fr/wp-content/uploads/IMG_20230302_095017-e1706546915579-413x300.jpg 413w, https://lesheronsdeslacs.fr/wp-content/uploads/IMG_20230302_095017-e1706546915579.jpg 1079w" sizes="auto, (max-width: 1024px) 100vw, 1024px" /></figure><div class="wp-block-media-text__content">
<p class="has-accent-2-color has-text-color has-link-color wp-elements-a79dd74d0d0c94693cefd0f86156c03f">Los Hérons des Lacs que&rsquo;vs prepausan de participar a jornadas d&rsquo;iniciacions, dens un quadre magnific, entà vs&rsquo;iniciar a la marcha sus escaças.</p>



<p class="has-accent-2-color has-text-color has-link-color wp-elements-fe9c6ee9c152f1b1b396e3017f796f3d">La nosta associacion que&rsquo;vs transmeterà la soa passion entà las escaças e la cultura landesa dens lo gai e la bona umor e aqueth, quitament per temps de ploja !</p>



<p></p>
</div></div>



<p></p>
</div></div>



<p>&#8211;</p>



<div class="wp-block-group" style="padding-right:0;padding-left:0"><div class="wp-block-group__inner-container is-layout-constrained wp-container-core-group-is-layout-4900f5ce wp-block-group-is-layout-constrained"></div></div>
</div>
</div>



<div class="wp-block-media-text has-media-on-the-right is-stacked-on-mobile is-image-fill"><div class="wp-block-media-text__content">
<h2 class="wp-block-heading alignwide has-text-align-center has-accent-2-color has-text-color has-link-color wp-elements-3e5aaf8f07ff9f020f3f97b0a9d64e40">Pendent l&rsquo;estiu, o sus reservacion hòra sason :</h2>



<h2 class="wp-block-heading alignwide has-text-align-center has-accent-2-color has-text-color has-link-color wp-elements-839266adfcb3407efe4ad2b304c88af6">DILUNS de 16h a 20h<br>DIVÉS de 10h a 14h</h2>
</div><figure class="wp-block-media-text__media" style="background-image:url(http://lesheronsdeslacs.fr/wp-content/uploads/IMG_20230302_094935-1024x567.jpg);background-position:50% 50%"><img loading="lazy" decoding="async" width="1024" height="567" src="http://lesheronsdeslacs.fr/wp-content/uploads/IMG_20230302_094935-1024x567.jpg" alt="" class="wp-image-772 size-full"/></figure></div>



<p class="has-text-color has-link-color wp-elements-0c1fcc889de462e063814fc60dfc78d3" style="color:#bbd2ad">&#8211;</p>



<div class="wp-block-media-text is-stacked-on-mobile is-image-fill"><figure class="wp-block-media-text__media" style="background-image:url(http://lesheronsdeslacs.fr/wp-content/uploads/1675857417033-1024x771.jpg);background-position:50% 50%"><img loading="lazy" decoding="async" width="1024" height="771" src="http://lesheronsdeslacs.fr/wp-content/uploads/1675857417033-1024x771.jpg" alt="" class="wp-image-714 size-full" srcset="https://lesheronsdeslacs.fr/wp-content/uploads/1675857417033-1024x771.jpg 1024w, https://lesheronsdeslacs.fr/wp-content/uploads/1675857417033-768x578.jpg 768w, https://lesheronsdeslacs.fr/wp-content/uploads/1675857417033-1536x1157.jpg 1536w, https://lesheronsdeslacs.fr/wp-content/uploads/1675857417033-2048x1542.jpg 2048w, https://lesheronsdeslacs.fr/wp-content/uploads/1675857417033-389x293.jpg 389w" sizes="auto, (max-width: 1024px) 100vw, 1024px" /></figure><div class="wp-block-media-text__content">
<p class="has-text-align-center has-accent-2-color has-text-color has-link-color has-large-font-size wp-elements-b5be8bc265218e1753d50e6ec4168b75"><strong>Lòc :</strong></p>



<p class="has-text-align-center has-accent-2-color has-text-color has-link-color wp-elements-f869654e2050d4d5b569eb1745493ec2"><br>Anciana escòla de Millas<br>69 chemin d’en Belliard<br>40600 BISCARROSSE</p>
</div></div>



<p class="has-text-color has-link-color wp-elements-0c1fcc889de462e063814fc60dfc78d3" style="color:#bbd2ad">&#8211;</p>



<div class="wp-block-media-text has-media-on-the-right is-stacked-on-mobile is-image-fill"><div class="wp-block-media-text__content">
<p class="has-text-align-center has-accent-2-color has-text-color has-link-color has-large-font-size wp-elements-3a886167d8dabf557b2c7f3a7fd0a2df"><strong>Prèmi e reservacion&nbsp;:</strong></p>



<p class="has-text-align-center has-accent-2-color has-text-color has-link-color wp-elements-b6be51424bdc510e39573d4eaa23f267"><br><strong>Reservacion suu site de&nbsp;<a href="https://www.biscagrandslacs.com/agenda-des-manifestations/animations-evenements/initiation-aux-echasses-landaises-10">Bisca Grands Lacs</a>&nbsp;</strong><br><strong>o per telefòne au 07 81 17 45 15 !</strong></p>



<p class="has-text-align-center has-accent-2-color has-text-color has-link-color has-large-font-size wp-elements-573de03574cf1997fa3ce69c6994eb35"><strong>Tarifa unica de 8€/arrés</strong></p>
</div><figure class="wp-block-media-text__media" style="background-image:url(http://lesheronsdeslacs.fr/wp-content/uploads/353822017_641258728025327_7388883163082447432_n-1024x462-1.jpg);background-position:50% 50%"><img loading="lazy" decoding="async" width="1024" height="462" src="http://lesheronsdeslacs.fr/wp-content/uploads/353822017_641258728025327_7388883163082447432_n-1024x462-1.jpg" alt="" class="wp-image-159 size-full" srcset="https://lesheronsdeslacs.fr/wp-content/uploads/353822017_641258728025327_7388883163082447432_n-1024x462-1.jpg 1024w, https://lesheronsdeslacs.fr/wp-content/uploads/353822017_641258728025327_7388883163082447432_n-1024x462-1-768x347.jpg 768w, https://lesheronsdeslacs.fr/wp-content/uploads/353822017_641258728025327_7388883163082447432_n-1024x462-1-421x190.jpg 421w" sizes="auto, (max-width: 1024px) 100vw, 1024px" /></figure></div>



<p class="has-text-color has-link-color wp-elements-0c1fcc889de462e063814fc60dfc78d3" style="color:#bbd2ad">&#8211;</p>



<p class="has-text-align-center has-accent-2-color has-text-color has-link-color wp-elements-2a097febaf0bd7649d8c95266c4b24bf"></p>



<p class="has-text-align-center has-accent-2-color has-text-color has-link-color has-normal-font-size wp-elements-667c8f3507c90ee7894da9ca922a6aec"></p>



<p class="has-text-align-center has-accent-2-color has-text-color has-link-color has-normal-font-size wp-elements-7e72e9854f1b311629cad3874a0b8b7f"><strong>Qu&rsquo;auratz la quita oportunitat d&rsquo;assistir a la fabricacion artisanau de las nostas escaças, </strong></p>



<p class="has-text-align-center has-accent-2-color has-text-color has-link-color has-normal-font-size wp-elements-7acbe8243fc9e9d85c9ae058b1cda07a"><strong>sus rendètz-vos !</strong></p>



<p class="has-text-color has-link-color wp-elements-d8ed84b2b837c50b67e7ef2fa04c4795" style="color:#c1e0b7">&#8211;</p>



<div class="wp-block-buttons is-content-justification-right is-layout-flex wp-container-core-buttons-is-layout-9fc88717 wp-block-buttons-is-layout-flex">
<div class="wp-block-button has-custom-width wp-block-button__width-50"><a class="wp-block-button__link has-text-align-center wp-element-button" href="https://lesheronsdeslacs.fr/index.php/activitats/">Tornar a las activitats</a></div>
</div>

<p>PARTATGE INICIACIONS &#8211; Los Hérons des Lacs que&rsquo;vs prepausan de participar a jornadas d&rsquo;iniciacions, dens un quadre magnific, entà vs&rsquo;iniciar a la marcha sus escaças. La nosta associacion que&rsquo;vs transmeterà la &hellip;</p>

Publié 2 ans il y a

Mis à jour 2 ans il y a

Publié le 1 février 2024

Mise à jour le 26 juin 2024

Publié le 1 février 2024 17h06

Mise à jour le 26 juin 2024 23h18
