{"id":1034,"date":"2024-02-01T17:44:26","date_gmt":"2024-02-01T16:44:26","guid":{"rendered":"https:\/\/lesheronsdeslacs.fr\/?page_id=1034"},"modified":"2024-05-13T17:27:29","modified_gmt":"2024-05-13T15:27:29","slug":"festivitats","status":"publish","type":"page","link":"https:\/\/lesheronsdeslacs.fr\/index.php\/festivitats\/","title":{"rendered":"Festivitats"},"content":{"rendered":"<div class=\"wp-block-image\">\n<figure class=\"alignright size-full is-resized\"><a href=\"https:\/\/lesheronsdeslacs.fr\/index.php\/evenements\/\"><img loading=\"lazy\" decoding=\"async\" width=\"600\" height=\"400\" src=\"http:\/\/lesheronsdeslacs.fr\/wp-content\/uploads\/Drapeau-France.webp\" alt=\"\" class=\"wp-image-971\" style=\"width:56px;height:auto\" srcset=\"https:\/\/lesheronsdeslacs.fr\/wp-content\/uploads\/Drapeau-France.webp 600w, https:\/\/lesheronsdeslacs.fr\/wp-content\/uploads\/Drapeau-France-389x259.webp 389w\" sizes=\"auto, (max-width: 600px) 100vw, 600px\" \/><\/a><\/figure>\n<\/div>\n\n\n<div class=\"wp-block-media-text is-stacked-on-mobile\"><figure class=\"wp-block-media-text__media\"><img loading=\"lazy\" decoding=\"async\" width=\"1024\" height=\"844\" src=\"http:\/\/lesheronsdeslacs.fr\/wp-content\/uploads\/Capture-decran-2022-12-08-a-11.02.25-1024x844.png\" alt=\"\" class=\"wp-image-769 size-full\" srcset=\"https:\/\/lesheronsdeslacs.fr\/wp-content\/uploads\/Capture-decran-2022-12-08-a-11.02.25-1024x844.png 1024w, https:\/\/lesheronsdeslacs.fr\/wp-content\/uploads\/Capture-decran-2022-12-08-a-11.02.25-768x633.png 768w, https:\/\/lesheronsdeslacs.fr\/wp-content\/uploads\/Capture-decran-2022-12-08-a-11.02.25-389x320.png 389w, https:\/\/lesheronsdeslacs.fr\/wp-content\/uploads\/Capture-decran-2022-12-08-a-11.02.25.png 1434w\" sizes=\"auto, (max-width: 1024px) 100vw, 1024px\" \/><\/figure><div class=\"wp-block-media-text__content\">\n<p>Lo grop que&rsquo;s produseish dens diferents hestaus en Fran\u00e7a e a l&rsquo;estrang\u00e8r.<\/p>\n<\/div><\/div>\n\n\n\n<p class=\"has-sitebg-color has-text-color has-link-color wp-elements-cde72ab7d2566fbc26339a9567ec3a57\">&#8211;<\/p>\n\n\n\n<div class=\"wp-block-media-text has-media-on-the-right is-stacked-on-mobile\"><div class=\"wp-block-media-text__content\">\n<p>En aost de 2019, lo grop folcloric e artistic Los Bernats-pesqu\u00e8rs deus Lacs de Biscarr\u00f2ssa (40) qu&rsquo;ei estat convidat a participar au hestau folcloric en Republica Ch\u00e8ca.<\/p>\n\n\n\n<p>Pendent mantun dia, los nostes chancaires qu&rsquo;an desfilat dens las carr\u00e8ras, qu&rsquo;an prepausat espectacles e descob\u00e8rt la cultura ch\u00e8ca !<\/p>\n\n\n\n<p>Que trobatz dens aquera video un deus espectacles miats peu grop Los H\u00e9rons des Lacs. <\/p>\n<\/div><figure class=\"wp-block-media-text__media\"><img loading=\"lazy\" decoding=\"async\" width=\"1024\" height=\"745\" src=\"http:\/\/lesheronsdeslacs.fr\/wp-content\/uploads\/2024\/01\/D854550-Copie-1024x745.jpg\" alt=\"\" class=\"wp-image-75 size-full\" srcset=\"https:\/\/lesheronsdeslacs.fr\/wp-content\/uploads\/2024\/01\/D854550-Copie-1024x745.jpg 1024w, https:\/\/lesheronsdeslacs.fr\/wp-content\/uploads\/2024\/01\/D854550-Copie-768x559.jpg 768w, https:\/\/lesheronsdeslacs.fr\/wp-content\/uploads\/2024\/01\/D854550-Copie-1536x1118.jpg 1536w\" sizes=\"auto, (max-width: 1024px) 100vw, 1024px\" \/><\/figure><\/div>\n\n\n\n<p class=\"has-sitebg-color has-text-color has-link-color wp-elements-cde72ab7d2566fbc26339a9567ec3a57\">&#8211;<\/p>\n\n\n\n<div class=\"wp-block-media-text is-stacked-on-mobile\"><figure class=\"wp-block-media-text__media\"><img loading=\"lazy\" decoding=\"async\" width=\"1024\" height=\"768\" src=\"https:\/\/lesheronsdeslacs.fr\/wp-content\/uploads\/P1110631-1024x768.jpg\" alt=\"\" class=\"wp-image-1213 size-full\" srcset=\"https:\/\/lesheronsdeslacs.fr\/wp-content\/uploads\/P1110631-1024x768.jpg 1024w, https:\/\/lesheronsdeslacs.fr\/wp-content\/uploads\/P1110631-768x576.jpg 768w, https:\/\/lesheronsdeslacs.fr\/wp-content\/uploads\/P1110631-1536x1152.jpg 1536w, https:\/\/lesheronsdeslacs.fr\/wp-content\/uploads\/P1110631-2048x1536.jpg 2048w, https:\/\/lesheronsdeslacs.fr\/wp-content\/uploads\/P1110631-389x292.jpg 389w\" sizes=\"auto, (max-width: 1024px) 100vw, 1024px\" \/><\/figure><div class=\"wp-block-media-text__content\">\n<p>Besonh d&rsquo;animacions \u00e9v\u00e9nementielles ent\u00e0 un eveniment privat ?<\/p>\n\n\n\n<p>Que recercatz la prestacion&nbsp;ideau ent\u00e0 la v\u00f2sta serada, un maridatge, un seminari\u2026<\/p>\n\n\n\n<p>Que&rsquo;vs podem prepausar un espectacle o ua iniciacion ent\u00e0 vosautas e los v\u00f2stes collaborators.<\/p>\n\n\n\n<div class=\"wp-block-buttons is-content-justification-right is-layout-flex wp-container-core-buttons-is-layout-765c4724 wp-block-buttons-is-layout-flex\">\n<div class=\"wp-block-button\"><a class=\"wp-block-button__link has-text-align-center wp-element-button\" href=\"https:\/\/lesheronsdeslacs.fr\/index.php\/contact\/\">Que demandatz ua estima<\/a><\/div>\n<\/div>\n<\/div><\/div>\n\n\n\n<p><\/p>\n\n\n\n<div class=\"wp-block-media-text has-media-on-the-right is-stacked-on-mobile\"><div class=\"wp-block-media-text__content\">\n<p>Si \u00e8tz interessats per las nostas prestacions, ce contactatz a <strong>lesheronsdeslacs@yahoo.fr<\/strong><\/p>\n\n\n\n<div class=\"wp-block-buttons is-content-justification-right is-layout-flex wp-container-core-buttons-is-layout-765c4724 wp-block-buttons-is-layout-flex\">\n<div class=\"wp-block-button\"><a class=\"wp-block-button__link has-text-align-center wp-element-button\" href=\"https:\/\/lesheronsdeslacs.fr\/index.php\/contact\/\">Que demandatz ua estima<\/a><\/div>\n<\/div>\n<\/div><figure class=\"wp-block-media-text__media\"><img loading=\"lazy\" decoding=\"async\" width=\"1024\" height=\"577\" src=\"http:\/\/lesheronsdeslacs.fr\/wp-content\/uploads\/20230726_215043-1024x577.jpg\" alt=\"\" class=\"wp-image-797 size-full\" srcset=\"https:\/\/lesheronsdeslacs.fr\/wp-content\/uploads\/20230726_215043-1024x577.jpg 1024w, https:\/\/lesheronsdeslacs.fr\/wp-content\/uploads\/20230726_215043-768x432.jpg 768w, https:\/\/lesheronsdeslacs.fr\/wp-content\/uploads\/20230726_215043-1536x865.jpg 1536w, https:\/\/lesheronsdeslacs.fr\/wp-content\/uploads\/20230726_215043-389x219.jpg 389w, https:\/\/lesheronsdeslacs.fr\/wp-content\/uploads\/20230726_215043.jpg 1632w\" sizes=\"auto, (max-width: 1024px) 100vw, 1024px\" \/><\/figure><\/div>\n\n\n\n<p class=\"has-sitebg-color has-text-color has-link-color wp-elements-cde72ab7d2566fbc26339a9567ec3a57\">&#8211;<\/p>\n\n\n\n<figure class=\"wp-block-embed is-type-video is-provider-youtube wp-block-embed-youtube wp-embed-aspect-16-9 wp-has-aspect-ratio\"><div class=\"wp-block-embed__wrapper\">\n<iframe loading=\"lazy\" title=\"Les H\u00e9rons des Lacs | 65\u00e8me Festival International de Folklore en R\u00e9publique Tch\u00e8que\" width=\"1032\" height=\"581\" src=\"https:\/\/www.youtube.com\/embed\/gW8Kevc4jLg?feature=oembed\" frameborder=\"0\" allow=\"accelerometer; autoplay; clipboard-write; encrypted-media; gyroscope; picture-in-picture; web-share\" referrerpolicy=\"strict-origin-when-cross-origin\" allowfullscreen><\/iframe>\n<\/div><\/figure>\n\n\n\n<p><\/p>\n\n\n\n<div class=\"wp-block-buttons alignwide is-content-justification-right is-layout-flex wp-container-core-buttons-is-layout-765c4724 wp-block-buttons-is-layout-flex\">\n<div class=\"wp-block-button\"><a class=\"wp-block-button__link has-text-align-center wp-element-button\" href=\"https:\/\/lesheronsdeslacs.fr\/index.php\/activitats\/\">Tornar a las Activitats<\/a><\/div>\n<\/div>\n","protected":false},"excerpt":{"rendered":"<p>Lo grop que&rsquo;s produseish dens diferents hestaus en Fran\u00e7a e a l&rsquo;estrang\u00e8r. &#8211; En aost de 2019, lo grop folcloric e artistic Los Bernats-pesqu\u00e8rs deus Lacs de Biscarr\u00f2ssa (40) qu&rsquo;ei estat &hellip;<\/p>\n","protected":false},"author":1,"featured_media":0,"parent":0,"menu_order":0,"comment_status":"closed","ping_status":"closed","template":"","meta":{"advgb_blocks_editor_width":"","advgb_blocks_columns_visual_guide":"","footnotes":""},"class_list":["post-1034","page","type-page","status-publish","hentry"],"coauthors":[],"author_meta":{"author_link":"https:\/\/lesheronsdeslacs.fr\/index.php\/author\/lesheron\/","display_name":"lesheron"},"relative_dates":{"created":"Publi\u00e9 2 ans il y a","modified":"Mis \u00e0 jour 2 ans il y a"},"absolute_dates":{"created":"Publi\u00e9 le 1 f\u00e9vrier 2024","modified":"Mise \u00e0 jour le 13 mai 2024"},"absolute_dates_time":{"created":"Publi\u00e9 le 1 f\u00e9vrier 2024 17h44","modified":"Mise \u00e0 jour le 13 mai 2024 17h27"},"featured_img_caption":"","featured_img":false,"series_order":"","_links":{"self":[{"href":"https:\/\/lesheronsdeslacs.fr\/index.php\/wp-json\/wp\/v2\/pages\/1034","targetHints":{"allow":["GET"]}}],"collection":[{"href":"https:\/\/lesheronsdeslacs.fr\/index.php\/wp-json\/wp\/v2\/pages"}],"about":[{"href":"https:\/\/lesheronsdeslacs.fr\/index.php\/wp-json\/wp\/v2\/types\/page"}],"author":[{"embeddable":true,"href":"https:\/\/lesheronsdeslacs.fr\/index.php\/wp-json\/wp\/v2\/users\/1"}],"replies":[{"embeddable":true,"href":"https:\/\/lesheronsdeslacs.fr\/index.php\/wp-json\/wp\/v2\/comments?post=1034"}],"version-history":[{"count":7,"href":"https:\/\/lesheronsdeslacs.fr\/index.php\/wp-json\/wp\/v2\/pages\/1034\/revisions"}],"predecessor-version":[{"id":1219,"href":"https:\/\/lesheronsdeslacs.fr\/index.php\/wp-json\/wp\/v2\/pages\/1034\/revisions\/1219"}],"wp:attachment":[{"href":"https:\/\/lesheronsdeslacs.fr\/index.php\/wp-json\/wp\/v2\/media?parent=1034"}],"curies":[{"name":"wp","href":"https:\/\/api.w.org\/{rel}","templated":true}]}}

<div class="wp-block-image">
<figure class="alignright size-full is-resized"><a href="https://lesheronsdeslacs.fr/index.php/evenements/"><img loading="lazy" decoding="async" width="600" height="400" src="http://lesheronsdeslacs.fr/wp-content/uploads/Drapeau-France.webp" alt="" class="wp-image-971" style="width:56px;height:auto" srcset="https://lesheronsdeslacs.fr/wp-content/uploads/Drapeau-France.webp 600w, https://lesheronsdeslacs.fr/wp-content/uploads/Drapeau-France-389x259.webp 389w" sizes="auto, (max-width: 600px) 100vw, 600px" /></a></figure>
</div>


<div class="wp-block-media-text is-stacked-on-mobile"><figure class="wp-block-media-text__media"><img loading="lazy" decoding="async" width="1024" height="844" src="http://lesheronsdeslacs.fr/wp-content/uploads/Capture-decran-2022-12-08-a-11.02.25-1024x844.png" alt="" class="wp-image-769 size-full" srcset="https://lesheronsdeslacs.fr/wp-content/uploads/Capture-decran-2022-12-08-a-11.02.25-1024x844.png 1024w, https://lesheronsdeslacs.fr/wp-content/uploads/Capture-decran-2022-12-08-a-11.02.25-768x633.png 768w, https://lesheronsdeslacs.fr/wp-content/uploads/Capture-decran-2022-12-08-a-11.02.25-389x320.png 389w, https://lesheronsdeslacs.fr/wp-content/uploads/Capture-decran-2022-12-08-a-11.02.25.png 1434w" sizes="auto, (max-width: 1024px) 100vw, 1024px" /></figure><div class="wp-block-media-text__content">
<p>Lo grop que&rsquo;s produseish dens diferents hestaus en França e a l&rsquo;estrangèr.</p>
</div></div>



<p class="has-sitebg-color has-text-color has-link-color wp-elements-cde72ab7d2566fbc26339a9567ec3a57">&#8211;</p>



<div class="wp-block-media-text has-media-on-the-right is-stacked-on-mobile"><div class="wp-block-media-text__content">
<p>En aost de 2019, lo grop folcloric e artistic Los Bernats-pesquèrs deus Lacs de Biscarròssa (40) qu&rsquo;ei estat convidat a participar au hestau folcloric en Republica Chèca.</p>



<p>Pendent mantun dia, los nostes chancaires qu&rsquo;an desfilat dens las carrèras, qu&rsquo;an prepausat espectacles e descobèrt la cultura chèca !</p>



<p>Que trobatz dens aquera video un deus espectacles miats peu grop Los Hérons des Lacs. </p>
</div><figure class="wp-block-media-text__media"><img loading="lazy" decoding="async" width="1024" height="745" src="http://lesheronsdeslacs.fr/wp-content/uploads/2024/01/D854550-Copie-1024x745.jpg" alt="" class="wp-image-75 size-full" srcset="https://lesheronsdeslacs.fr/wp-content/uploads/2024/01/D854550-Copie-1024x745.jpg 1024w, https://lesheronsdeslacs.fr/wp-content/uploads/2024/01/D854550-Copie-768x559.jpg 768w, https://lesheronsdeslacs.fr/wp-content/uploads/2024/01/D854550-Copie-1536x1118.jpg 1536w" sizes="auto, (max-width: 1024px) 100vw, 1024px" /></figure></div>



<p class="has-sitebg-color has-text-color has-link-color wp-elements-cde72ab7d2566fbc26339a9567ec3a57">&#8211;</p>



<div class="wp-block-media-text is-stacked-on-mobile"><figure class="wp-block-media-text__media"><img loading="lazy" decoding="async" width="1024" height="768" src="https://lesheronsdeslacs.fr/wp-content/uploads/P1110631-1024x768.jpg" alt="" class="wp-image-1213 size-full" srcset="https://lesheronsdeslacs.fr/wp-content/uploads/P1110631-1024x768.jpg 1024w, https://lesheronsdeslacs.fr/wp-content/uploads/P1110631-768x576.jpg 768w, https://lesheronsdeslacs.fr/wp-content/uploads/P1110631-1536x1152.jpg 1536w, https://lesheronsdeslacs.fr/wp-content/uploads/P1110631-2048x1536.jpg 2048w, https://lesheronsdeslacs.fr/wp-content/uploads/P1110631-389x292.jpg 389w" sizes="auto, (max-width: 1024px) 100vw, 1024px" /></figure><div class="wp-block-media-text__content">
<p>Besonh d&rsquo;animacions événementielles entà un eveniment privat ?</p>



<p>Que recercatz la prestacion&nbsp;ideau entà la vòsta serada, un maridatge, un seminari…</p>



<p>Que&rsquo;vs podem prepausar un espectacle o ua iniciacion entà vosautas e los vòstes collaborators.</p>



<div class="wp-block-buttons is-content-justification-right is-layout-flex wp-container-core-buttons-is-layout-765c4724 wp-block-buttons-is-layout-flex">
<div class="wp-block-button"><a class="wp-block-button__link has-text-align-center wp-element-button" href="https://lesheronsdeslacs.fr/index.php/contact/">Que demandatz ua estima</a></div>
</div>
</div></div>



<p></p>



<div class="wp-block-media-text has-media-on-the-right is-stacked-on-mobile"><div class="wp-block-media-text__content">
<p>Si ètz interessats per las nostas prestacions, ce contactatz a <strong>lesheronsdeslacs@yahoo.fr</strong></p>



<div class="wp-block-buttons is-content-justification-right is-layout-flex wp-container-core-buttons-is-layout-765c4724 wp-block-buttons-is-layout-flex">
<div class="wp-block-button"><a class="wp-block-button__link has-text-align-center wp-element-button" href="https://lesheronsdeslacs.fr/index.php/contact/">Que demandatz ua estima</a></div>
</div>
</div><figure class="wp-block-media-text__media"><img loading="lazy" decoding="async" width="1024" height="577" src="http://lesheronsdeslacs.fr/wp-content/uploads/20230726_215043-1024x577.jpg" alt="" class="wp-image-797 size-full" srcset="https://lesheronsdeslacs.fr/wp-content/uploads/20230726_215043-1024x577.jpg 1024w, https://lesheronsdeslacs.fr/wp-content/uploads/20230726_215043-768x432.jpg 768w, https://lesheronsdeslacs.fr/wp-content/uploads/20230726_215043-1536x865.jpg 1536w, https://lesheronsdeslacs.fr/wp-content/uploads/20230726_215043-389x219.jpg 389w, https://lesheronsdeslacs.fr/wp-content/uploads/20230726_215043.jpg 1632w" sizes="auto, (max-width: 1024px) 100vw, 1024px" /></figure></div>



<p class="has-sitebg-color has-text-color has-link-color wp-elements-cde72ab7d2566fbc26339a9567ec3a57">&#8211;</p>



<figure class="wp-block-embed is-type-video is-provider-youtube wp-block-embed-youtube wp-embed-aspect-16-9 wp-has-aspect-ratio"><div class="wp-block-embed__wrapper">
<iframe loading="lazy" title="Les Hérons des Lacs | 65ème Festival International de Folklore en République Tchèque" width="1032" height="581" src="https://www.youtube.com/embed/gW8Kevc4jLg?feature=oembed" frameborder="0" allow="accelerometer; autoplay; clipboard-write; encrypted-media; gyroscope; picture-in-picture; web-share" referrerpolicy="strict-origin-when-cross-origin" allowfullscreen></iframe>
</div></figure>



<p></p>



<div class="wp-block-buttons alignwide is-content-justification-right is-layout-flex wp-container-core-buttons-is-layout-765c4724 wp-block-buttons-is-layout-flex">
<div class="wp-block-button"><a class="wp-block-button__link has-text-align-center wp-element-button" href="https://lesheronsdeslacs.fr/index.php/activitats/">Tornar a las Activitats</a></div>
</div>

<p>Lo grop que&rsquo;s produseish dens diferents hestaus en França e a l&rsquo;estrangèr. &#8211; En aost de 2019, lo grop folcloric e artistic Los Bernats-pesquèrs deus Lacs de Biscarròssa (40) qu&rsquo;ei estat &hellip;</p>

Publié 2 ans il y a

Mis à jour 2 ans il y a

Publié le 1 février 2024

Mise à jour le 13 mai 2024

Publié le 1 février 2024 17h44

Mise à jour le 13 mai 2024 17h27
