{"id":25,"date":"2024-01-28T17:07:44","date_gmt":"2024-01-28T16:07:44","guid":{"rendered":"https:\/\/lesheronsdeslacs.fr\/?page_id=25"},"modified":"2024-02-02T14:00:02","modified_gmt":"2024-02-02T13:00:02","slug":"fabrication-des-echasses","status":"publish","type":"page","link":"https:\/\/lesheronsdeslacs.fr\/index.php\/fabrication-des-echasses\/","title":{"rendered":"Fabrication des \u00e9chasses"},"content":{"rendered":"\n<p><\/p>\n\n\n\n<div class=\"wp-block-group alignfull has-background\" style=\"background:linear-gradient(135deg,rgb(238,238,238) 0%,rgb(251,236,179) 100%);padding-top:6vw;padding-right:6vw;padding-bottom:6vw;padding-left:6vw\"><div class=\"wp-block-group__inner-container is-layout-flow wp-block-group-is-layout-flow\">\n<div class=\"wp-block-group is-vertical is-nowrap is-layout-flex wp-container-core-group-is-layout-287ef9cb wp-block-group-is-layout-flex\" style=\"padding-right:0;padding-left:0\">\n<h6 class=\"wp-block-heading has-text-color\" id=\"ecosystem\" style=\"color:#000000;font-size:16px\">ARTISANAT<\/h6>\n\n\n\n<p class=\"has-text-color\" style=\"color:#000000;font-size:6vw;font-style:normal;font-weight:700;letter-spacing:0px;line-height:0.9;text-decoration:none;text-transform:none\">FABRICATION D&rsquo;\u00c9CHASSES<\/p>\n<\/div>\n\n\n\n<p><\/p>\n\n\n<div class=\"wp-block-image\">\n<figure class=\"alignright size-full is-resized\"><a href=\"https:\/\/lesheronsdeslacs.fr\/index.php\/fabricacion-de-las-escacas\/\"><img loading=\"lazy\" decoding=\"async\" width=\"585\" height=\"192\" src=\"http:\/\/lesheronsdeslacs.fr\/wp-content\/uploads\/Bouton-OCCITAN-GASCONpages.png\" alt=\"\" class=\"wp-image-1126\" style=\"width:80px;height:auto\" srcset=\"https:\/\/lesheronsdeslacs.fr\/wp-content\/uploads\/Bouton-OCCITAN-GASCONpages.png 585w, https:\/\/lesheronsdeslacs.fr\/wp-content\/uploads\/Bouton-OCCITAN-GASCONpages-389x128.png 389w\" sizes=\"auto, (max-width: 585px) 100vw, 585px\" \/><\/a><\/figure>\n<\/div>\n\n\n<p>L\u2019association dispose d\u2019un atelier de menuiserie pour la fabrication de ses propres \u00e9chasses.<\/p>\n\n\n\n<p>Nous fabriquons deux types d\u2019\u00e9chasses :<\/p>\n\n\n\n<ul class=\"wp-block-list\">\n<li>Les \u00e9chasses traditionnelles que nous utilisons pour les spectacles,<\/li>\n\n\n\n<li>Les \u00e9chasses de course que nous utilisons pour l\u2019athl\u00e9chasse ou toutes autres utilisations sportives.<\/li>\n<\/ul>\n\n\n\n<p class=\"has-text-align-center\"><strong>Pour plus de renseignements sur la vente d\u2019\u00e9chasses, merci de nous contacter directement.<\/strong><\/p>\n\n\n\n<figure class=\"wp-block-gallery has-nested-images columns-default is-cropped wp-block-gallery-1 is-layout-flex wp-block-gallery-is-layout-flex\">\n<figure class=\"wp-block-image size-large\"><img loading=\"lazy\" decoding=\"async\" width=\"498\" height=\"1024\" data-id=\"706\" src=\"https:\/\/lesheronsdeslacs.fr\/wp-content\/uploads\/20240113_1819452-scaled-1-498x1024.jpg\" alt=\"\" class=\"wp-image-706\" srcset=\"https:\/\/lesheronsdeslacs.fr\/wp-content\/uploads\/20240113_1819452-scaled-1-498x1024.jpg 498w, https:\/\/lesheronsdeslacs.fr\/wp-content\/uploads\/20240113_1819452-scaled-1-768x1580.jpg 768w, https:\/\/lesheronsdeslacs.fr\/wp-content\/uploads\/20240113_1819452-scaled-1-746x1536.jpg 746w, https:\/\/lesheronsdeslacs.fr\/wp-content\/uploads\/20240113_1819452-scaled-1-995x2048.jpg 995w, https:\/\/lesheronsdeslacs.fr\/wp-content\/uploads\/20240113_1819452-scaled-1-156x320.jpg 156w, https:\/\/lesheronsdeslacs.fr\/wp-content\/uploads\/20240113_1819452-scaled-1.jpg 1244w\" sizes=\"auto, (max-width: 498px) 100vw, 498px\" \/><\/figure>\n\n\n\n<figure class=\"wp-block-image size-large\"><img loading=\"lazy\" decoding=\"async\" width=\"498\" height=\"1024\" data-id=\"705\" src=\"https:\/\/lesheronsdeslacs.fr\/wp-content\/uploads\/20240113_111934-scaled-1-498x1024.jpg\" alt=\"\" class=\"wp-image-705\" srcset=\"https:\/\/lesheronsdeslacs.fr\/wp-content\/uploads\/20240113_111934-scaled-1-498x1024.jpg 498w, https:\/\/lesheronsdeslacs.fr\/wp-content\/uploads\/20240113_111934-scaled-1-768x1580.jpg 768w, https:\/\/lesheronsdeslacs.fr\/wp-content\/uploads\/20240113_111934-scaled-1-746x1536.jpg 746w, https:\/\/lesheronsdeslacs.fr\/wp-content\/uploads\/20240113_111934-scaled-1-995x2048.jpg 995w, https:\/\/lesheronsdeslacs.fr\/wp-content\/uploads\/20240113_111934-scaled-1-156x320.jpg 156w, https:\/\/lesheronsdeslacs.fr\/wp-content\/uploads\/20240113_111934-scaled-1.jpg 1244w\" sizes=\"auto, (max-width: 498px) 100vw, 498px\" \/><\/figure>\n\n\n\n<figure class=\"wp-block-image size-large\"><img loading=\"lazy\" decoding=\"async\" width=\"1024\" height=\"498\" data-id=\"704\" src=\"https:\/\/lesheronsdeslacs.fr\/wp-content\/uploads\/20231014_160240-1024x498.jpg\" alt=\"\" class=\"wp-image-704\" srcset=\"https:\/\/lesheronsdeslacs.fr\/wp-content\/uploads\/20231014_160240-1024x498.jpg 1024w, https:\/\/lesheronsdeslacs.fr\/wp-content\/uploads\/20231014_160240-768x373.jpg 768w, https:\/\/lesheronsdeslacs.fr\/wp-content\/uploads\/20231014_160240-1536x747.jpg 1536w, https:\/\/lesheronsdeslacs.fr\/wp-content\/uploads\/20231014_160240-2048x996.jpg 2048w, https:\/\/lesheronsdeslacs.fr\/wp-content\/uploads\/20231014_160240-389x189.jpg 389w\" sizes=\"auto, (max-width: 1024px) 100vw, 1024px\" \/><\/figure>\n\n\n\n<figure class=\"wp-block-image size-large\"><img loading=\"lazy\" decoding=\"async\" width=\"1024\" height=\"498\" data-id=\"703\" src=\"https:\/\/lesheronsdeslacs.fr\/wp-content\/uploads\/20231014_160226-scaled-1-1024x498.jpg\" alt=\"\" class=\"wp-image-703\" srcset=\"https:\/\/lesheronsdeslacs.fr\/wp-content\/uploads\/20231014_160226-scaled-1-1024x498.jpg 1024w, https:\/\/lesheronsdeslacs.fr\/wp-content\/uploads\/20231014_160226-scaled-1-768x373.jpg 768w, https:\/\/lesheronsdeslacs.fr\/wp-content\/uploads\/20231014_160226-scaled-1-1536x746.jpg 1536w, https:\/\/lesheronsdeslacs.fr\/wp-content\/uploads\/20231014_160226-scaled-1-2048x995.jpg 2048w, https:\/\/lesheronsdeslacs.fr\/wp-content\/uploads\/20231014_160226-scaled-1-389x189.jpg 389w\" sizes=\"auto, (max-width: 1024px) 100vw, 1024px\" \/><\/figure>\n\n\n\n<figure class=\"wp-block-image size-large\"><img loading=\"lazy\" decoding=\"async\" width=\"498\" height=\"1024\" data-id=\"702\" src=\"https:\/\/lesheronsdeslacs.fr\/wp-content\/uploads\/20230610_143058-498x1024-1.jpg\" alt=\"\" class=\"wp-image-702\" srcset=\"https:\/\/lesheronsdeslacs.fr\/wp-content\/uploads\/20230610_143058-498x1024-1.jpg 498w, https:\/\/lesheronsdeslacs.fr\/wp-content\/uploads\/20230610_143058-498x1024-1-156x320.jpg 156w\" sizes=\"auto, (max-width: 498px) 100vw, 498px\" \/><\/figure>\n\n\n\n<figure class=\"wp-block-image size-large\"><img loading=\"lazy\" decoding=\"async\" width=\"840\" height=\"1024\" data-id=\"701\" src=\"https:\/\/lesheronsdeslacs.fr\/wp-content\/uploads\/20230610_111435-840x1024-1.jpg\" alt=\"\" class=\"wp-image-701\" srcset=\"https:\/\/lesheronsdeslacs.fr\/wp-content\/uploads\/20230610_111435-840x1024-1.jpg 840w, https:\/\/lesheronsdeslacs.fr\/wp-content\/uploads\/20230610_111435-840x1024-1-768x936.jpg 768w, https:\/\/lesheronsdeslacs.fr\/wp-content\/uploads\/20230610_111435-840x1024-1-263x320.jpg 263w\" sizes=\"auto, (max-width: 840px) 100vw, 840px\" \/><\/figure>\n<\/figure>\n\n\n\n<p>&#8211;<\/p>\n\n\n\n<div class=\"wp-block-buttons is-content-justification-right is-layout-flex wp-container-core-buttons-is-layout-86a8208c wp-block-buttons-is-layout-flex\">\n<div class=\"wp-block-button\"><a class=\"wp-block-button__link wp-element-button\" href=\"https:\/\/lesheronsdeslacs.fr\/index.php\/activites\/\">Revenir aux activit\u00e9s<\/a><\/div>\n<\/div>\n<\/div><\/div>\n","protected":false},"excerpt":{"rendered":"<p>ARTISANAT FABRICATION D&rsquo;\u00c9CHASSES L\u2019association dispose d\u2019un atelier de menuiserie pour la fabrication de ses propres \u00e9chasses. Nous fabriquons deux types d\u2019\u00e9chasses : Pour plus de renseignements sur la vente d\u2019\u00e9chasses, merci &hellip;<\/p>\n","protected":false},"author":1,"featured_media":705,"parent":0,"menu_order":0,"comment_status":"closed","ping_status":"closed","template":"","meta":{"advgb_blocks_editor_width":"","advgb_blocks_columns_visual_guide":"","footnotes":""},"class_list":["post-25","page","type-page","status-publish","has-post-thumbnail","hentry"],"coauthors":[],"author_meta":{"author_link":"https:\/\/lesheronsdeslacs.fr\/index.php\/author\/lesheron\/","display_name":"lesheron"},"relative_dates":{"created":"Publi\u00e9 2 ans il y a","modified":"Mis \u00e0 jour 2 ans il y a"},"absolute_dates":{"created":"Publi\u00e9 le 28 janvier 2024","modified":"Mise \u00e0 jour le 2 f\u00e9vrier 2024"},"absolute_dates_time":{"created":"Publi\u00e9 le 28 janvier 2024 17h07","modified":"Mise \u00e0 jour le 2 f\u00e9vrier 2024 14h00"},"featured_img_caption":"","featured_img":"https:\/\/lesheronsdeslacs.fr\/wp-content\/uploads\/20240113_111934-scaled-1-156x320.jpg","series_order":"","_links":{"self":[{"href":"https:\/\/lesheronsdeslacs.fr\/index.php\/wp-json\/wp\/v2\/pages\/25","targetHints":{"allow":["GET"]}}],"collection":[{"href":"https:\/\/lesheronsdeslacs.fr\/index.php\/wp-json\/wp\/v2\/pages"}],"about":[{"href":"https:\/\/lesheronsdeslacs.fr\/index.php\/wp-json\/wp\/v2\/types\/page"}],"author":[{"embeddable":true,"href":"https:\/\/lesheronsdeslacs.fr\/index.php\/wp-json\/wp\/v2\/users\/1"}],"replies":[{"embeddable":true,"href":"https:\/\/lesheronsdeslacs.fr\/index.php\/wp-json\/wp\/v2\/comments?post=25"}],"version-history":[{"count":12,"href":"https:\/\/lesheronsdeslacs.fr\/index.php\/wp-json\/wp\/v2\/pages\/25\/revisions"}],"predecessor-version":[{"id":1139,"href":"https:\/\/lesheronsdeslacs.fr\/index.php\/wp-json\/wp\/v2\/pages\/25\/revisions\/1139"}],"wp:featuredmedia":[{"embeddable":true,"href":"https:\/\/lesheronsdeslacs.fr\/index.php\/wp-json\/wp\/v2\/media\/705"}],"wp:attachment":[{"href":"https:\/\/lesheronsdeslacs.fr\/index.php\/wp-json\/wp\/v2\/media?parent=25"}],"curies":[{"name":"wp","href":"https:\/\/api.w.org\/{rel}","templated":true}]}}