{"id":437,"date":"2024-01-28T19:29:29","date_gmt":"2024-01-28T18:29:29","guid":{"rendered":"https:\/\/lesheronsdeslacs.fr\/?page_id=437"},"modified":"2024-09-11T16:48:39","modified_gmt":"2024-09-11T14:48:39","slug":"evenements","status":"publish","type":"page","link":"https:\/\/lesheronsdeslacs.fr\/index.php\/evenements\/","title":{"rendered":"\u00c9v\u00e8nements"},"content":{"rendered":"<div class=\"wp-block-image\">\n<figure class=\"alignright size-full is-resized\"><a href=\"https:\/\/lesheronsdeslacs.fr\/index.php\/festivitats\/\"><img loading=\"lazy\" decoding=\"async\" width=\"585\" height=\"192\" src=\"http:\/\/lesheronsdeslacs.fr\/wp-content\/uploads\/Bouton-OCCITAN-GASCONpages.png\" alt=\"\" class=\"wp-image-1126\" style=\"width:73px;height:auto\" srcset=\"https:\/\/lesheronsdeslacs.fr\/wp-content\/uploads\/Bouton-OCCITAN-GASCONpages.png 585w, https:\/\/lesheronsdeslacs.fr\/wp-content\/uploads\/Bouton-OCCITAN-GASCONpages-389x128.png 389w\" sizes=\"auto, (max-width: 585px) 100vw, 585px\" \/><\/a><\/figure>\n<\/div>\n\n\n<div class=\"wp-block-media-text is-stacked-on-mobile\"><figure class=\"wp-block-media-text__media\"><img loading=\"lazy\" decoding=\"async\" width=\"1024\" height=\"844\" src=\"http:\/\/lesheronsdeslacs.fr\/wp-content\/uploads\/Capture-decran-2022-12-08-a-11.02.25-1024x844.png\" alt=\"\" class=\"wp-image-769 size-full\" srcset=\"https:\/\/lesheronsdeslacs.fr\/wp-content\/uploads\/Capture-decran-2022-12-08-a-11.02.25-1024x844.png 1024w, https:\/\/lesheronsdeslacs.fr\/wp-content\/uploads\/Capture-decran-2022-12-08-a-11.02.25-768x633.png 768w, https:\/\/lesheronsdeslacs.fr\/wp-content\/uploads\/Capture-decran-2022-12-08-a-11.02.25-389x320.png 389w, https:\/\/lesheronsdeslacs.fr\/wp-content\/uploads\/Capture-decran-2022-12-08-a-11.02.25.png 1434w\" sizes=\"auto, (max-width: 1024px) 100vw, 1024px\" \/><\/figure><div class=\"wp-block-media-text__content\">\n<p>Le groupe se produit dans diff\u00e9rents festivals en France et \u00e0 l\u2019\u00e9tranger.<\/p>\n<\/div><\/div>\n\n\n\n<p class=\"has-sitebg-color has-text-color has-link-color wp-elements-cde72ab7d2566fbc26339a9567ec3a57\">&#8211;<\/p>\n\n\n\n<div class=\"wp-block-media-text has-media-on-the-right is-stacked-on-mobile\"><div class=\"wp-block-media-text__content\">\n<p>En ao\u00fbt 2019, le <strong>groupe folklorique et artistique<\/strong> Les H\u00e9rons des Lacs de Biscarrosse (40) a \u00e9t\u00e9 invit\u00e9 \u00e0 participer au festival folklorique <strong>en R\u00e9publique Tch\u00e8que.<\/strong> <\/p>\n\n\n\n<p>En ao\u00fbt 2024, les H\u00e9rons des Lacs ont \u00e9t\u00e9 convi\u00e9s pour le festival International folklorique de <strong>Bergame, en Italie.<\/strong><\/p>\n\n\n\n<p>Durant plusieurs jours, nos \u00e9chassiers ont <strong>d\u00e9fil\u00e9 dans les rues<\/strong>, ont propos\u00e9 des spectacles et d\u00e9couvert la culture de chaque pays !<\/p>\n\n\n\n<p><\/p>\n\n\n\n<p>Vous trouvez dans ces vid\u00e9os des spectacles men\u00e9s par le groupe Les H\u00e9rons des Lacs.<\/p>\n<\/div><figure class=\"wp-block-media-text__media\"><img loading=\"lazy\" decoding=\"async\" width=\"1024\" height=\"745\" src=\"http:\/\/lesheronsdeslacs.fr\/wp-content\/uploads\/2024\/01\/D854550-Copie-1024x745.jpg\" alt=\"\" class=\"wp-image-75 size-full\" srcset=\"https:\/\/lesheronsdeslacs.fr\/wp-content\/uploads\/2024\/01\/D854550-Copie-1024x745.jpg 1024w, https:\/\/lesheronsdeslacs.fr\/wp-content\/uploads\/2024\/01\/D854550-Copie-768x559.jpg 768w, https:\/\/lesheronsdeslacs.fr\/wp-content\/uploads\/2024\/01\/D854550-Copie-1536x1118.jpg 1536w\" sizes=\"auto, (max-width: 1024px) 100vw, 1024px\" \/><\/figure><\/div>\n\n\n\n<div class=\"wp-block-columns is-layout-flex wp-container-core-columns-is-layout-9d6595d7 wp-block-columns-is-layout-flex\">\n<div class=\"wp-block-column is-layout-flow wp-block-column-is-layout-flow\">\n<div class=\"wp-block-media-text is-stacked-on-mobile\"><figure class=\"wp-block-media-text__media\"><img loading=\"lazy\" decoding=\"async\" width=\"1024\" height=\"768\" src=\"https:\/\/lesheronsdeslacs.fr\/wp-content\/uploads\/P1110631-1024x768.jpg\" alt=\"\" class=\"wp-image-1213 size-full\" srcset=\"https:\/\/lesheronsdeslacs.fr\/wp-content\/uploads\/P1110631-1024x768.jpg 1024w, https:\/\/lesheronsdeslacs.fr\/wp-content\/uploads\/P1110631-768x576.jpg 768w, https:\/\/lesheronsdeslacs.fr\/wp-content\/uploads\/P1110631-1536x1152.jpg 1536w, https:\/\/lesheronsdeslacs.fr\/wp-content\/uploads\/P1110631-2048x1536.jpg 2048w, https:\/\/lesheronsdeslacs.fr\/wp-content\/uploads\/P1110631-389x292.jpg 389w\" sizes=\"auto, (max-width: 1024px) 100vw, 1024px\" \/><\/figure><div class=\"wp-block-media-text__content\">\n<p><strong>Besoin d&rsquo;animations \u00e9v\u00e9nementielles pour un \u00e9v\u00e9nement priv\u00e9 ?<\/strong><\/p>\n\n\n\n<p>Vous recherchez la prestation&nbsp;id\u00e9ale pour votre soir\u00e9e, un mariage, un s\u00e9minaire\u2026 <\/p>\n\n\n\n<p>Nous pouvons vous proposer un spectacle ou une initiation pour vous et vos collaborateurs.<\/p>\n\n\n\n<div class=\"wp-block-buttons is-content-justification-right is-layout-flex wp-container-core-buttons-is-layout-765c4724 wp-block-buttons-is-layout-flex\">\n<div class=\"wp-block-button\"><a class=\"wp-block-button__link has-text-align-center wp-element-button\" href=\"https:\/\/lesheronsdeslacs.fr\/index.php\/contact\/\">Demandez un devis<\/a><\/div>\n<\/div>\n<\/div><\/div>\n<\/div>\n<\/div>\n\n\n\n<p><\/p>\n\n\n\n<div class=\"wp-block-media-text has-media-on-the-right is-stacked-on-mobile\"><div class=\"wp-block-media-text__content\">\n<p>Si vous \u00eates int\u00e9ress\u00e9s par nos prestations, contactez nous \u00e0 <strong>lesheronsdeslacs@yahoo.fr<\/strong><\/p>\n\n\n\n<div class=\"wp-block-buttons is-content-justification-right is-layout-flex wp-container-core-buttons-is-layout-765c4724 wp-block-buttons-is-layout-flex\">\n<div class=\"wp-block-button\"><a class=\"wp-block-button__link has-text-align-center wp-element-button\" href=\"https:\/\/lesheronsdeslacs.fr\/index.php\/contact\/\">Demandez un devis<\/a><\/div>\n<\/div>\n<\/div><figure class=\"wp-block-media-text__media\"><img loading=\"lazy\" decoding=\"async\" width=\"1024\" height=\"577\" src=\"http:\/\/lesheronsdeslacs.fr\/wp-content\/uploads\/20230726_215043-1024x577.jpg\" alt=\"\" class=\"wp-image-797 size-full\" srcset=\"https:\/\/lesheronsdeslacs.fr\/wp-content\/uploads\/20230726_215043-1024x577.jpg 1024w, https:\/\/lesheronsdeslacs.fr\/wp-content\/uploads\/20230726_215043-768x432.jpg 768w, https:\/\/lesheronsdeslacs.fr\/wp-content\/uploads\/20230726_215043-1536x865.jpg 1536w, https:\/\/lesheronsdeslacs.fr\/wp-content\/uploads\/20230726_215043-389x219.jpg 389w, https:\/\/lesheronsdeslacs.fr\/wp-content\/uploads\/20230726_215043.jpg 1632w\" sizes=\"auto, (max-width: 1024px) 100vw, 1024px\" \/><\/figure><\/div>\n\n\n\n<p class=\"has-sitebg-color has-text-color has-link-color wp-elements-cde72ab7d2566fbc26339a9567ec3a57\">&#8211;<\/p>\n\n\n\n<h1 class=\"wp-block-heading has-text-align-center has-sitetext-color has-text-color has-link-color has-large-font-size wp-elements-7a307030330023cfc22edc1850e1c8cf\"><strong>R\u00c9PUBLIQUE TCH\u00c8QUE 2019 &#8211; 65\u00e8me \u00e9dition du Festival International de Folklore et Traditions<\/strong><\/h1>\n\n\n\n<figure class=\"wp-block-embed is-type-video is-provider-youtube wp-block-embed-youtube wp-embed-aspect-16-9 wp-has-aspect-ratio\"><div class=\"wp-block-embed__wrapper\">\n<iframe loading=\"lazy\" title=\"Les H\u00e9rons des Lacs | 65\u00e8me Festival International de Folklore en R\u00e9publique Tch\u00e8que\" width=\"1032\" height=\"581\" src=\"https:\/\/www.youtube.com\/embed\/gW8Kevc4jLg?feature=oembed\" frameborder=\"0\" allow=\"accelerometer; autoplay; clipboard-write; encrypted-media; gyroscope; picture-in-picture; web-share\" referrerpolicy=\"strict-origin-when-cross-origin\" allowfullscreen><\/iframe>\n<\/div><\/figure>\n\n\n\n<h1 class=\"wp-block-heading has-text-align-center has-sitetext-color has-text-color has-link-color has-large-font-size wp-elements-d84183ce2c269a94f0e686d16bd6799d\" id=\"tw-target-text\"><strong>ITALIE 2024 &#8211; 40\u00e8me \u00e9dition du Festival International de Folklore et Traditions, \u00e0 Bergame<\/strong><\/h1>\n\n\n\n<figure class=\"wp-block-embed is-type-video is-provider-youtube wp-block-embed-youtube wp-embed-aspect-16-9 wp-has-aspect-ratio\"><div class=\"wp-block-embed__wrapper\">\n<iframe loading=\"lazy\" title=\"Unique France Folk Dance #dance #folkdance #france  #shorts #youtubeshorts\" width=\"1032\" height=\"581\" src=\"https:\/\/www.youtube.com\/embed\/zfJ_VMjw3Co?feature=oembed\" frameborder=\"0\" allow=\"accelerometer; autoplay; clipboard-write; encrypted-media; gyroscope; picture-in-picture; web-share\" referrerpolicy=\"strict-origin-when-cross-origin\" allowfullscreen><\/iframe>\n<\/div><\/figure>\n\n\n\n<p><\/p>\n\n\n\n<div class=\"wp-block-buttons alignwide is-content-justification-right is-layout-flex wp-container-core-buttons-is-layout-765c4724 wp-block-buttons-is-layout-flex\">\n<div class=\"wp-block-button\"><a class=\"wp-block-button__link has-text-align-center wp-element-button\" href=\"https:\/\/lesheronsdeslacs.fr\/index.php\/activites\/\">Revenir aux Activit\u00e9s<\/a><\/div>\n<\/div>\n","protected":false},"excerpt":{"rendered":"<p>Le groupe se produit dans diff\u00e9rents festivals en France et \u00e0 l\u2019\u00e9tranger. &#8211; En ao\u00fbt 2019, le groupe folklorique et artistique Les H\u00e9rons des Lacs de Biscarrosse (40) a \u00e9t\u00e9 invit\u00e9 &hellip;<\/p>\n","protected":false},"author":1,"featured_media":452,"parent":0,"menu_order":0,"comment_status":"closed","ping_status":"closed","template":"","meta":{"advgb_blocks_editor_width":"","advgb_blocks_columns_visual_guide":"","footnotes":""},"class_list":["post-437","page","type-page","status-publish","has-post-thumbnail","hentry"],"coauthors":[],"author_meta":{"author_link":"https:\/\/lesheronsdeslacs.fr\/index.php\/author\/lesheron\/","display_name":"lesheron"},"relative_dates":{"created":"Publi\u00e9 2 ans il y a","modified":"Mis \u00e0 jour 2 ans il y a"},"absolute_dates":{"created":"Publi\u00e9 le 28 janvier 2024","modified":"Mise \u00e0 jour le 11 septembre 2024"},"absolute_dates_time":{"created":"Publi\u00e9 le 28 janvier 2024 19h29","modified":"Mise \u00e0 jour le 11 septembre 2024 16h48"},"featured_img_caption":"","featured_img":"https:\/\/lesheronsdeslacs.fr\/wp-content\/uploads\/68542634_2287052141348169_8605372714506518528_n-410x300.jpg","series_order":"","_links":{"self":[{"href":"https:\/\/lesheronsdeslacs.fr\/index.php\/wp-json\/wp\/v2\/pages\/437","targetHints":{"allow":["GET"]}}],"collection":[{"href":"https:\/\/lesheronsdeslacs.fr\/index.php\/wp-json\/wp\/v2\/pages"}],"about":[{"href":"https:\/\/lesheronsdeslacs.fr\/index.php\/wp-json\/wp\/v2\/types\/page"}],"author":[{"embeddable":true,"href":"https:\/\/lesheronsdeslacs.fr\/index.php\/wp-json\/wp\/v2\/users\/1"}],"replies":[{"embeddable":true,"href":"https:\/\/lesheronsdeslacs.fr\/index.php\/wp-json\/wp\/v2\/comments?post=437"}],"version-history":[{"count":19,"href":"https:\/\/lesheronsdeslacs.fr\/index.php\/wp-json\/wp\/v2\/pages\/437\/revisions"}],"predecessor-version":[{"id":1540,"href":"https:\/\/lesheronsdeslacs.fr\/index.php\/wp-json\/wp\/v2\/pages\/437\/revisions\/1540"}],"wp:featuredmedia":[{"embeddable":true,"href":"https:\/\/lesheronsdeslacs.fr\/index.php\/wp-json\/wp\/v2\/media\/452"}],"wp:attachment":[{"href":"https:\/\/lesheronsdeslacs.fr\/index.php\/wp-json\/wp\/v2\/media?parent=437"}],"curies":[{"name":"wp","href":"https:\/\/api.w.org\/{rel}","templated":true}]}}

Évènements

<div class="wp-block-image">
<figure class="alignright size-full is-resized"><a href="https://lesheronsdeslacs.fr/index.php/festivitats/"><img loading="lazy" decoding="async" width="585" height="192" src="http://lesheronsdeslacs.fr/wp-content/uploads/Bouton-OCCITAN-GASCONpages.png" alt="" class="wp-image-1126" style="width:73px;height:auto" srcset="https://lesheronsdeslacs.fr/wp-content/uploads/Bouton-OCCITAN-GASCONpages.png 585w, https://lesheronsdeslacs.fr/wp-content/uploads/Bouton-OCCITAN-GASCONpages-389x128.png 389w" sizes="auto, (max-width: 585px) 100vw, 585px" /></a></figure>
</div>


<div class="wp-block-media-text is-stacked-on-mobile"><figure class="wp-block-media-text__media"><img loading="lazy" decoding="async" width="1024" height="844" src="http://lesheronsdeslacs.fr/wp-content/uploads/Capture-decran-2022-12-08-a-11.02.25-1024x844.png" alt="" class="wp-image-769 size-full" srcset="https://lesheronsdeslacs.fr/wp-content/uploads/Capture-decran-2022-12-08-a-11.02.25-1024x844.png 1024w, https://lesheronsdeslacs.fr/wp-content/uploads/Capture-decran-2022-12-08-a-11.02.25-768x633.png 768w, https://lesheronsdeslacs.fr/wp-content/uploads/Capture-decran-2022-12-08-a-11.02.25-389x320.png 389w, https://lesheronsdeslacs.fr/wp-content/uploads/Capture-decran-2022-12-08-a-11.02.25.png 1434w" sizes="auto, (max-width: 1024px) 100vw, 1024px" /></figure><div class="wp-block-media-text__content">
<p>Le groupe se produit dans différents festivals en France et à l’étranger.</p>
</div></div>



<p class="has-sitebg-color has-text-color has-link-color wp-elements-cde72ab7d2566fbc26339a9567ec3a57">&#8211;</p>



<div class="wp-block-media-text has-media-on-the-right is-stacked-on-mobile"><div class="wp-block-media-text__content">
<p>En août 2019, le <strong>groupe folklorique et artistique</strong> Les Hérons des Lacs de Biscarrosse (40) a été invité à participer au festival folklorique <strong>en République Tchèque.</strong> </p>



<p>En août 2024, les Hérons des Lacs ont été conviés pour le festival International folklorique de <strong>Bergame, en Italie.</strong></p>



<p>Durant plusieurs jours, nos échassiers ont <strong>défilé dans les rues</strong>, ont proposé des spectacles et découvert la culture de chaque pays !</p>



<p></p>



<p>Vous trouvez dans ces vidéos des spectacles menés par le groupe Les Hérons des Lacs.</p>
</div><figure class="wp-block-media-text__media"><img loading="lazy" decoding="async" width="1024" height="745" src="http://lesheronsdeslacs.fr/wp-content/uploads/2024/01/D854550-Copie-1024x745.jpg" alt="" class="wp-image-75 size-full" srcset="https://lesheronsdeslacs.fr/wp-content/uploads/2024/01/D854550-Copie-1024x745.jpg 1024w, https://lesheronsdeslacs.fr/wp-content/uploads/2024/01/D854550-Copie-768x559.jpg 768w, https://lesheronsdeslacs.fr/wp-content/uploads/2024/01/D854550-Copie-1536x1118.jpg 1536w" sizes="auto, (max-width: 1024px) 100vw, 1024px" /></figure></div>



<div class="wp-block-columns is-layout-flex wp-container-core-columns-is-layout-9d6595d7 wp-block-columns-is-layout-flex">
<div class="wp-block-column is-layout-flow wp-block-column-is-layout-flow">
<div class="wp-block-media-text is-stacked-on-mobile"><figure class="wp-block-media-text__media"><img loading="lazy" decoding="async" width="1024" height="768" src="https://lesheronsdeslacs.fr/wp-content/uploads/P1110631-1024x768.jpg" alt="" class="wp-image-1213 size-full" srcset="https://lesheronsdeslacs.fr/wp-content/uploads/P1110631-1024x768.jpg 1024w, https://lesheronsdeslacs.fr/wp-content/uploads/P1110631-768x576.jpg 768w, https://lesheronsdeslacs.fr/wp-content/uploads/P1110631-1536x1152.jpg 1536w, https://lesheronsdeslacs.fr/wp-content/uploads/P1110631-2048x1536.jpg 2048w, https://lesheronsdeslacs.fr/wp-content/uploads/P1110631-389x292.jpg 389w" sizes="auto, (max-width: 1024px) 100vw, 1024px" /></figure><div class="wp-block-media-text__content">
<p><strong>Besoin d&rsquo;animations événementielles pour un événement privé ?</strong></p>



<p>Vous recherchez la prestation&nbsp;idéale pour votre soirée, un mariage, un séminaire… </p>



<p>Nous pouvons vous proposer un spectacle ou une initiation pour vous et vos collaborateurs.</p>



<div class="wp-block-buttons is-content-justification-right is-layout-flex wp-container-core-buttons-is-layout-765c4724 wp-block-buttons-is-layout-flex">
<div class="wp-block-button"><a class="wp-block-button__link has-text-align-center wp-element-button" href="https://lesheronsdeslacs.fr/index.php/contact/">Demandez un devis</a></div>
</div>
</div></div>
</div>
</div>



<p></p>



<div class="wp-block-media-text has-media-on-the-right is-stacked-on-mobile"><div class="wp-block-media-text__content">
<p>Si vous êtes intéressés par nos prestations, contactez nous à <strong>lesheronsdeslacs@yahoo.fr</strong></p>



<div class="wp-block-buttons is-content-justification-right is-layout-flex wp-container-core-buttons-is-layout-765c4724 wp-block-buttons-is-layout-flex">
<div class="wp-block-button"><a class="wp-block-button__link has-text-align-center wp-element-button" href="https://lesheronsdeslacs.fr/index.php/contact/">Demandez un devis</a></div>
</div>
</div><figure class="wp-block-media-text__media"><img loading="lazy" decoding="async" width="1024" height="577" src="http://lesheronsdeslacs.fr/wp-content/uploads/20230726_215043-1024x577.jpg" alt="" class="wp-image-797 size-full" srcset="https://lesheronsdeslacs.fr/wp-content/uploads/20230726_215043-1024x577.jpg 1024w, https://lesheronsdeslacs.fr/wp-content/uploads/20230726_215043-768x432.jpg 768w, https://lesheronsdeslacs.fr/wp-content/uploads/20230726_215043-1536x865.jpg 1536w, https://lesheronsdeslacs.fr/wp-content/uploads/20230726_215043-389x219.jpg 389w, https://lesheronsdeslacs.fr/wp-content/uploads/20230726_215043.jpg 1632w" sizes="auto, (max-width: 1024px) 100vw, 1024px" /></figure></div>



<p class="has-sitebg-color has-text-color has-link-color wp-elements-cde72ab7d2566fbc26339a9567ec3a57">&#8211;</p>



<h1 class="wp-block-heading has-text-align-center has-sitetext-color has-text-color has-link-color has-large-font-size wp-elements-7a307030330023cfc22edc1850e1c8cf"><strong>RÉPUBLIQUE TCHÈQUE 2019 &#8211; 65ème édition du Festival International de Folklore et Traditions</strong></h1>



<figure class="wp-block-embed is-type-video is-provider-youtube wp-block-embed-youtube wp-embed-aspect-16-9 wp-has-aspect-ratio"><div class="wp-block-embed__wrapper">
<iframe loading="lazy" title="Les Hérons des Lacs | 65ème Festival International de Folklore en République Tchèque" width="1032" height="581" src="https://www.youtube.com/embed/gW8Kevc4jLg?feature=oembed" frameborder="0" allow="accelerometer; autoplay; clipboard-write; encrypted-media; gyroscope; picture-in-picture; web-share" referrerpolicy="strict-origin-when-cross-origin" allowfullscreen></iframe>
</div></figure>



<h1 class="wp-block-heading has-text-align-center has-sitetext-color has-text-color has-link-color has-large-font-size wp-elements-d84183ce2c269a94f0e686d16bd6799d" id="tw-target-text"><strong>ITALIE 2024 &#8211; 40ème édition du Festival International de Folklore et Traditions, à Bergame</strong></h1>



<figure class="wp-block-embed is-type-video is-provider-youtube wp-block-embed-youtube wp-embed-aspect-16-9 wp-has-aspect-ratio"><div class="wp-block-embed__wrapper">
<iframe loading="lazy" title="Unique France Folk Dance #dance #folkdance #france  #shorts #youtubeshorts" width="1032" height="581" src="https://www.youtube.com/embed/zfJ_VMjw3Co?feature=oembed" frameborder="0" allow="accelerometer; autoplay; clipboard-write; encrypted-media; gyroscope; picture-in-picture; web-share" referrerpolicy="strict-origin-when-cross-origin" allowfullscreen></iframe>
</div></figure>



<p></p>



<div class="wp-block-buttons alignwide is-content-justification-right is-layout-flex wp-container-core-buttons-is-layout-765c4724 wp-block-buttons-is-layout-flex">
<div class="wp-block-button"><a class="wp-block-button__link has-text-align-center wp-element-button" href="https://lesheronsdeslacs.fr/index.php/activites/">Revenir aux Activités</a></div>
</div>

<p>Le groupe se produit dans différents festivals en France et à l’étranger. &#8211; En août 2019, le groupe folklorique et artistique Les Hérons des Lacs de Biscarrosse (40) a été invité &hellip;</p>

Publié 2 ans il y a

Mis à jour 2 ans il y a

Publié le 28 janvier 2024

Mise à jour le 11 septembre 2024

Publié le 28 janvier 2024 19h29

Mise à jour le 11 septembre 2024 16h48
